{"id":12516,"date":"2025-02-24T09:53:18","date_gmt":"2025-02-24T08:53:18","guid":{"rendered":"https:\/\/maximemouroux.com\/?post_type=product&#038;p=12516"},"modified":"2025-02-24T09:54:59","modified_gmt":"2025-02-24T08:54:59","slug":"carafe-blanche","status":"publish","type":"product","link":"https:\/\/maximemouroux.com\/?product=carafe-blanche","title":{"rendered":"Carafe blanche"},"content":{"rendered":"","protected":false},"excerpt":{"rendered":"<p>Carafe en c\u00e9ramique<\/p>\n<p>Fabriqu\u00e9 \u00e0 la main et peint \u00e0 la main<\/p>\n<p>Taille: 19 x 16 cm ouverture 8,5 cm<\/p>\n<p>Chaque vase est fait \u00e0 la main, il y a des variations de couleur ou de taille<\/p>\n<p> <a class=\"more-link\" href=\"https:\/\/maximemouroux.com\/?product=carafe-blanche\">Read more<\/a><\/p>","protected":false},"featured_media":12517,"template":"","meta":[],"product_cat":[133,111],"product_tag":[],"class_list":{"0":"post-12516","1":"product","2":"type-product","3":"status-publish","4":"has-post-thumbnail","6":"product_cat-carafe","7":"product_cat-ceramique","9":"first","10":"instock","11":"taxable","12":"shipping-taxable","13":"purchasable","14":"product-type-simple"},"_links":{"self":[{"href":"https:\/\/maximemouroux.com\/index.php?rest_route=\/wp\/v2\/product\/12516"}],"collection":[{"href":"https:\/\/maximemouroux.com\/index.php?rest_route=\/wp\/v2\/product"}],"about":[{"href":"https:\/\/maximemouroux.com\/index.php?rest_route=\/wp\/v2\/types\/product"}],"wp:featuredmedia":[{"embeddable":true,"href":"https:\/\/maximemouroux.com\/index.php?rest_route=\/wp\/v2\/media\/12517"}],"wp:attachment":[{"href":"https:\/\/maximemouroux.com\/index.php?rest_route=%2Fwp%2Fv2%2Fmedia&parent=12516"}],"wp:term":[{"taxonomy":"product_cat","embeddable":true,"href":"https:\/\/maximemouroux.com\/index.php?rest_route=%2Fwp%2Fv2%2Fproduct_cat&post=12516"},{"taxonomy":"product_tag","embeddable":true,"href":"https:\/\/maximemouroux.com\/index.php?rest_route=%2Fwp%2Fv2%2Fproduct_tag&post=12516"}],"curies":[{"name":"wp","href":"https:\/\/api.w.org\/{rel}","templated":true}]}}