{"id":12404,"date":"2025-02-06T10:07:31","date_gmt":"2025-02-06T09:07:31","guid":{"rendered":"https:\/\/maximemouroux.com\/?post_type=product&#038;p=12404"},"modified":"2025-04-28T08:48:36","modified_gmt":"2025-04-28T06:48:36","slug":"echantillon","status":"publish","type":"product","link":"https:\/\/maximemouroux.com\/?product=echantillon","title":{"rendered":"\u00c9chantillon"},"content":{"rendered":"","protected":false},"excerpt":{"rendered":"<p>Boite d&#8217;\u00e9chantillon<\/p>\n<p><strong>6 carreaux ou 9 carreaux<\/strong><\/p>\n<p>une s\u00e9lection al\u00e9atoire, pour des motifs en particulier envoyez moi un message<\/p>\n<p><em>Frais de port offert envoie par mondial relay<\/em><\/p>\n<p>Peint \u00e0 la main \u00e0 Bruxelles<\/p>\n<div>Chaque carreau est unique, le motif est dessin\u00e9 \u00e0 la main<\/div>\n<p>Taille: 14,8 x 14,8 cm \u00e9paisseur 5 mm<\/p>\n<p>\u2705 Convient pour les murs ( cuisine, salle de bain &#8230;)<\/p>\n<p>\u274c Ne convient pas pour le sol<\/p>\n<p>Un espace de 2 mm est conseill\u00e9 entre les carreaux.<\/p>\n<p>Avec l\u2019angle du bord du carreau, le joint final sera d\u2019environ 3 mm.<\/p>\n<div>\n<div>Carreaux fabriqu\u00e9s \u00e0 la commande. Compter 2 semaines pour une commande de 1 \u00e0 400 carreaux.<\/div>\n<\/div>\n<form action=\"https:\/\/maximemouroux.com\/?product=bleu-feuille\" enctype=\"multipart\/form-data\" method=\"post\" target=\"_blank\"><\/form>\n<p> <a class=\"more-link\" href=\"https:\/\/maximemouroux.com\/?product=echantillon\">Read more<\/a><\/p>","protected":false},"featured_media":12412,"template":"","meta":[],"product_cat":[90],"product_tag":[],"class_list":{"0":"post-12404","1":"product","2":"type-product","3":"status-publish","4":"has-post-thumbnail","6":"product_cat-carreau","7":"product_shipping_class-echantillon","9":"first","10":"instock","11":"taxable","12":"shipping-taxable","13":"purchasable","14":"product-type-variable"},"_links":{"self":[{"href":"https:\/\/maximemouroux.com\/index.php?rest_route=\/wp\/v2\/product\/12404"}],"collection":[{"href":"https:\/\/maximemouroux.com\/index.php?rest_route=\/wp\/v2\/product"}],"about":[{"href":"https:\/\/maximemouroux.com\/index.php?rest_route=\/wp\/v2\/types\/product"}],"wp:featuredmedia":[{"embeddable":true,"href":"https:\/\/maximemouroux.com\/index.php?rest_route=\/wp\/v2\/media\/12412"}],"wp:attachment":[{"href":"https:\/\/maximemouroux.com\/index.php?rest_route=%2Fwp%2Fv2%2Fmedia&parent=12404"}],"wp:term":[{"taxonomy":"product_cat","embeddable":true,"href":"https:\/\/maximemouroux.com\/index.php?rest_route=%2Fwp%2Fv2%2Fproduct_cat&post=12404"},{"taxonomy":"product_tag","embeddable":true,"href":"https:\/\/maximemouroux.com\/index.php?rest_route=%2Fwp%2Fv2%2Fproduct_tag&post=12404"}],"curies":[{"name":"wp","href":"https:\/\/api.w.org\/{rel}","templated":true}]}}