{"id":12350,"date":"2024-11-13T15:29:59","date_gmt":"2024-11-13T14:29:59","guid":{"rendered":"https:\/\/maximemouroux.com\/?post_type=product&#038;p=12350"},"modified":"2024-11-13T15:34:41","modified_gmt":"2024-11-13T14:34:41","slug":"feuille-003","status":"publish","type":"product","link":"https:\/\/maximemouroux.com\/?product=feuille-003","title":{"rendered":"Feuille 003"},"content":{"rendered":"","protected":false},"excerpt":{"rendered":"<p>Motif feuille<\/p>\n<p>Peint \u00e0 la main \u00e0 Bruxelles<\/p>\n<div>Chaque carreau est unique, le motif est dessin\u00e9 \u00e0 la main<\/div>\n<p>Taille: 14,8 x 14,8 cm \u00e9paisseur 5 mm<\/p>\n<p>\u2705 Convient pour les murs ( cuisine, salle de bain &#8230;)<\/p>\n<p>\u274c Ne convient pas pour le sol<\/p>\n<p>Un espace de 2 mm est conseill\u00e9 entre les carreaux.<\/p>\n<p>Avec l\u2019angle du bord du carreau, le joint final sera d\u2019environ 3 mm.<\/p>\n<div dir=\"ltr\">\n<p>10 \u20ac\u00a0 \u00a0 \u00a0 pi\u00e8ce, de 1 \u00e0 19 carreaux<\/p>\n<\/div>\n<div>6,80 \u20ac\u00a0 pi\u00e8ce \u00e0 partir de 20 carreaux<\/div>\n<div><\/div>\n<div>\n<p>5,68 \u20ac\u00a0 pi\u00e8ce<b>\u00a0<\/b>\u00e0 partir de 88 carreaux<\/p>\n<\/div>\n<div>\n<div>Carreaux fabriqu\u00e9s \u00e0 la commande. Compter 2 semaines pour une commande de 1 \u00e0 400 carreaux.<\/div>\n<\/div>\n<form action=\"https:\/\/maximemouroux.com\/?product=bleu-feuille\" enctype=\"multipart\/form-data\" method=\"post\" target=\"_blank\"><\/form>\n<p> <a class=\"more-link\" href=\"https:\/\/maximemouroux.com\/?product=feuille-003\">Read more<\/a><\/p>","protected":false},"featured_media":12343,"template":"","meta":[],"product_cat":[91],"product_tag":[],"class_list":{"0":"post-12350","1":"product","2":"type-product","3":"status-publish","4":"has-post-thumbnail","6":"product_cat-carrellage","7":"product_shipping_class-carreaux","9":"first","10":"instock","11":"taxable","12":"shipping-taxable","13":"purchasable","14":"product-type-simple"},"_links":{"self":[{"href":"https:\/\/maximemouroux.com\/index.php?rest_route=\/wp\/v2\/product\/12350"}],"collection":[{"href":"https:\/\/maximemouroux.com\/index.php?rest_route=\/wp\/v2\/product"}],"about":[{"href":"https:\/\/maximemouroux.com\/index.php?rest_route=\/wp\/v2\/types\/product"}],"wp:featuredmedia":[{"embeddable":true,"href":"https:\/\/maximemouroux.com\/index.php?rest_route=\/wp\/v2\/media\/12343"}],"wp:attachment":[{"href":"https:\/\/maximemouroux.com\/index.php?rest_route=%2Fwp%2Fv2%2Fmedia&parent=12350"}],"wp:term":[{"taxonomy":"product_cat","embeddable":true,"href":"https:\/\/maximemouroux.com\/index.php?rest_route=%2Fwp%2Fv2%2Fproduct_cat&post=12350"},{"taxonomy":"product_tag","embeddable":true,"href":"https:\/\/maximemouroux.com\/index.php?rest_route=%2Fwp%2Fv2%2Fproduct_tag&post=12350"}],"curies":[{"name":"wp","href":"https:\/\/api.w.org\/{rel}","templated":true}]}}