{"id":11470,"date":"2023-09-20T09:28:35","date_gmt":"2023-09-20T07:28:35","guid":{"rendered":"https:\/\/maximemouroux.com\/?page_id=11470"},"modified":"2025-01-30T19:21:25","modified_gmt":"2025-01-30T18:21:25","slug":"11470-2","status":"publish","type":"page","link":"https:\/\/maximemouroux.com\/","title":{"rendered":""},"content":{"rendered":"\n<p class=\"has-text-align-center\">Tous les tapis sont imagin\u00e9s et fabriqu\u00e9s par mes soins<br>Tuft\u00e9s \u00e0 la main 100% laine recycl\u00e9e fran\u00e7aise <br>Je travaille principalement sur mesure<br>N&#8217;h\u00e9sitez pas \u00e0 me <a href=\"https:\/\/maximemouroux.com\/?page_id=120\" target=\"_blank\" rel=\"noreferrer noopener\"><strong>contacter<\/strong><\/a><\/p>\n\n\n\n<figure class=\"wp-block-gallery has-nested-images columns-3 is-cropped wp-block-gallery-1 is-layout-flex wp-block-gallery-is-layout-flex\">\n<figure class=\"wp-block-image size-large is-style-default\"><img loading=\"lazy\" decoding=\"async\" width=\"893\" height=\"1024\" data-id=\"11472\" src=\"https:\/\/maximemouroux.com\/wp-content\/uploads\/2023\/09\/2B7397AC-6EDA-4218-8D52-64848372E18C-893x1024.jpg\" alt=\"\" class=\"wp-image-11472\" srcset=\"https:\/\/maximemouroux.com\/wp-content\/uploads\/2023\/09\/2B7397AC-6EDA-4218-8D52-64848372E18C-893x1024.jpg 893w, https:\/\/maximemouroux.com\/wp-content\/uploads\/2023\/09\/2B7397AC-6EDA-4218-8D52-64848372E18C-1200x1377.jpg 1200w, https:\/\/maximemouroux.com\/wp-content\/uploads\/2023\/09\/2B7397AC-6EDA-4218-8D52-64848372E18C-262x300.jpg 262w, https:\/\/maximemouroux.com\/wp-content\/uploads\/2023\/09\/2B7397AC-6EDA-4218-8D52-64848372E18C-768x881.jpg 768w, https:\/\/maximemouroux.com\/wp-content\/uploads\/2023\/09\/2B7397AC-6EDA-4218-8D52-64848372E18C-1339x1536.jpg 1339w, https:\/\/maximemouroux.com\/wp-content\/uploads\/2023\/09\/2B7397AC-6EDA-4218-8D52-64848372E18C.jpg 1440w\" sizes=\"(max-width: 893px) 100vw, 893px\" \/><\/figure>\n\n\n\n<figure class=\"wp-block-image size-large\"><img loading=\"lazy\" decoding=\"async\" width=\"683\" height=\"1024\" data-id=\"11481\" src=\"https:\/\/maximemouroux.com\/wp-content\/uploads\/2023\/09\/Made-In-Design\u00a9RomainRicard2022-14-683x1024.jpg\" alt=\"\" class=\"wp-image-11481\" srcset=\"https:\/\/maximemouroux.com\/wp-content\/uploads\/2023\/09\/Made-In-Design\u00a9RomainRicard2022-14-683x1024.jpg 683w, https:\/\/maximemouroux.com\/wp-content\/uploads\/2023\/09\/Made-In-Design\u00a9RomainRicard2022-14-600x900.jpg 600w, https:\/\/maximemouroux.com\/wp-content\/uploads\/2023\/09\/Made-In-Design\u00a9RomainRicard2022-14-200x300.jpg 200w, https:\/\/maximemouroux.com\/wp-content\/uploads\/2023\/09\/Made-In-Design\u00a9RomainRicard2022-14-768x1152.jpg 768w, https:\/\/maximemouroux.com\/wp-content\/uploads\/2023\/09\/Made-In-Design\u00a9RomainRicard2022-14.jpg 919w\" sizes=\"(max-width: 683px) 100vw, 683px\" \/><\/figure>\n\n\n\n<figure class=\"wp-block-image size-large\"><img loading=\"lazy\" decoding=\"async\" width=\"1024\" height=\"683\" data-id=\"11474\" src=\"https:\/\/maximemouroux.com\/wp-content\/uploads\/2023\/09\/ADIDAS-LA-DEFENSE-\u00a9-NICOLAS-JACQUEMIN-66-1024x683.jpg\" alt=\"\" class=\"wp-image-11474\" srcset=\"https:\/\/maximemouroux.com\/wp-content\/uploads\/2023\/09\/ADIDAS-LA-DEFENSE-\u00a9-NICOLAS-JACQUEMIN-66-1024x683.jpg 1024w, https:\/\/maximemouroux.com\/wp-content\/uploads\/2023\/09\/ADIDAS-LA-DEFENSE-\u00a9-NICOLAS-JACQUEMIN-66-1200x800.jpg 1200w, https:\/\/maximemouroux.com\/wp-content\/uploads\/2023\/09\/ADIDAS-LA-DEFENSE-\u00a9-NICOLAS-JACQUEMIN-66-300x200.jpg 300w, https:\/\/maximemouroux.com\/wp-content\/uploads\/2023\/09\/ADIDAS-LA-DEFENSE-\u00a9-NICOLAS-JACQUEMIN-66-768x512.jpg 768w, https:\/\/maximemouroux.com\/wp-content\/uploads\/2023\/09\/ADIDAS-LA-DEFENSE-\u00a9-NICOLAS-JACQUEMIN-66-1536x1024.jpg 1536w, https:\/\/maximemouroux.com\/wp-content\/uploads\/2023\/09\/ADIDAS-LA-DEFENSE-\u00a9-NICOLAS-JACQUEMIN-66.jpg 2048w\" sizes=\"(max-width: 1024px) 100vw, 1024px\" \/><\/figure>\n\n\n\n<figure class=\"wp-block-image size-large\"><img loading=\"lazy\" decoding=\"async\" width=\"924\" height=\"1024\" data-id=\"11488\" src=\"https:\/\/maximemouroux.com\/wp-content\/uploads\/2023\/09\/Mouroux-tapis-Retour-inutile-b-924x1024.jpg\" alt=\"\" class=\"wp-image-11488\" srcset=\"https:\/\/maximemouroux.com\/wp-content\/uploads\/2023\/09\/Mouroux-tapis-Retour-inutile-b-924x1024.jpg 924w, https:\/\/maximemouroux.com\/wp-content\/uploads\/2023\/09\/Mouroux-tapis-Retour-inutile-b-1200x1329.jpg 1200w, https:\/\/maximemouroux.com\/wp-content\/uploads\/2023\/09\/Mouroux-tapis-Retour-inutile-b-271x300.jpg 271w, https:\/\/maximemouroux.com\/wp-content\/uploads\/2023\/09\/Mouroux-tapis-Retour-inutile-b-768x851.jpg 768w, https:\/\/maximemouroux.com\/wp-content\/uploads\/2023\/09\/Mouroux-tapis-Retour-inutile-b-1386x1536.jpg 1386w, https:\/\/maximemouroux.com\/wp-content\/uploads\/2023\/09\/Mouroux-tapis-Retour-inutile-b-1849x2048.jpg 1849w\" sizes=\"(max-width: 924px) 100vw, 924px\" \/><\/figure>\n\n\n\n<figure class=\"wp-block-image size-large is-style-default\"><img loading=\"lazy\" decoding=\"async\" width=\"768\" height=\"1024\" data-id=\"11505\" src=\"https:\/\/maximemouroux.com\/wp-content\/uploads\/2023\/09\/IMG_8026-768x1024.jpeg\" alt=\"\" class=\"wp-image-11505\" srcset=\"https:\/\/maximemouroux.com\/wp-content\/uploads\/2023\/09\/IMG_8026-768x1024.jpeg 768w, https:\/\/maximemouroux.com\/wp-content\/uploads\/2023\/09\/IMG_8026-scaled-1200x1600.jpeg 1200w, https:\/\/maximemouroux.com\/wp-content\/uploads\/2023\/09\/IMG_8026-225x300.jpeg 225w, https:\/\/maximemouroux.com\/wp-content\/uploads\/2023\/09\/IMG_8026-1152x1536.jpeg 1152w, https:\/\/maximemouroux.com\/wp-content\/uploads\/2023\/09\/IMG_8026-1536x2048.jpeg 1536w, https:\/\/maximemouroux.com\/wp-content\/uploads\/2023\/09\/IMG_8026-scaled.jpeg 1920w\" sizes=\"(max-width: 768px) 100vw, 768px\" \/><\/figure>\n\n\n\n<figure class=\"wp-block-image size-large\"><img loading=\"lazy\" decoding=\"async\" width=\"1024\" height=\"683\" data-id=\"11487\" src=\"https:\/\/maximemouroux.com\/wp-content\/uploads\/2023\/09\/Mouroux-22Fleur-oubliee22-1024x683.jpg\" alt=\"\" class=\"wp-image-11487\" srcset=\"https:\/\/maximemouroux.com\/wp-content\/uploads\/2023\/09\/Mouroux-22Fleur-oubliee22-1024x683.jpg 1024w, https:\/\/maximemouroux.com\/wp-content\/uploads\/2023\/09\/Mouroux-22Fleur-oubliee22-scaled-1200x800.jpg 1200w, https:\/\/maximemouroux.com\/wp-content\/uploads\/2023\/09\/Mouroux-22Fleur-oubliee22-300x200.jpg 300w, https:\/\/maximemouroux.com\/wp-content\/uploads\/2023\/09\/Mouroux-22Fleur-oubliee22-768x512.jpg 768w, https:\/\/maximemouroux.com\/wp-content\/uploads\/2023\/09\/Mouroux-22Fleur-oubliee22-1536x1024.jpg 1536w, https:\/\/maximemouroux.com\/wp-content\/uploads\/2023\/09\/Mouroux-22Fleur-oubliee22-2048x1365.jpg 2048w\" sizes=\"(max-width: 1024px) 100vw, 1024px\" \/><\/figure>\n\n\n\n<figure class=\"wp-block-image size-large\"><img decoding=\"async\" data-id=\"11486\" src=\"https:\/\/maximemouroux.com\/wp-content\/uploads\/2023\/09\/Maxime-Mouroux-094.jpg\" alt=\"\" class=\"wp-image-11486\"\/><\/figure>\n\n\n\n<figure class=\"wp-block-image size-large\"><img decoding=\"async\" data-id=\"11476\" src=\"https:\/\/maximemouroux.com\/wp-content\/uploads\/2023\/09\/Maxime-Mouroux-143_.jpg\" alt=\"\" class=\"wp-image-11476\"\/><\/figure>\n\n\n\n<figure class=\"wp-block-image size-large\"><img decoding=\"async\" data-id=\"11485\" src=\"https:\/\/maximemouroux.com\/wp-content\/uploads\/2023\/09\/Maxime-Mouroux-087_.jpg\" alt=\"\" class=\"wp-image-11485\"\/><\/figure>\n\n\n\n<figure class=\"wp-block-image size-large\"><img loading=\"lazy\" decoding=\"async\" width=\"768\" height=\"1024\" data-id=\"11479\" src=\"https:\/\/maximemouroux.com\/wp-content\/uploads\/2023\/09\/IMG_8298-768x1024.jpeg\" alt=\"\" class=\"wp-image-11479\" srcset=\"https:\/\/maximemouroux.com\/wp-content\/uploads\/2023\/09\/IMG_8298-768x1024.jpeg 768w, https:\/\/maximemouroux.com\/wp-content\/uploads\/2023\/09\/IMG_8298-scaled-1200x1600.jpeg 1200w, https:\/\/maximemouroux.com\/wp-content\/uploads\/2023\/09\/IMG_8298-225x300.jpeg 225w, https:\/\/maximemouroux.com\/wp-content\/uploads\/2023\/09\/IMG_8298-1152x1536.jpeg 1152w, https:\/\/maximemouroux.com\/wp-content\/uploads\/2023\/09\/IMG_8298-1536x2048.jpeg 1536w, https:\/\/maximemouroux.com\/wp-content\/uploads\/2023\/09\/IMG_8298-scaled.jpeg 1920w\" sizes=\"(max-width: 768px) 100vw, 768px\" \/><\/figure>\n\n\n\n<figure class=\"wp-block-image size-large\"><img loading=\"lazy\" decoding=\"async\" width=\"681\" height=\"1024\" data-id=\"11482\" src=\"https:\/\/maximemouroux.com\/wp-content\/uploads\/2023\/09\/Made-In-Design\u00a9RomainRicard2022-21-681x1024.jpg\" alt=\"\" class=\"wp-image-11482\" srcset=\"https:\/\/maximemouroux.com\/wp-content\/uploads\/2023\/09\/Made-In-Design\u00a9RomainRicard2022-21-681x1024.jpg 681w, https:\/\/maximemouroux.com\/wp-content\/uploads\/2023\/09\/Made-In-Design\u00a9RomainRicard2022-21-600x902.jpg 600w, https:\/\/maximemouroux.com\/wp-content\/uploads\/2023\/09\/Made-In-Design\u00a9RomainRicard2022-21-200x300.jpg 200w, https:\/\/maximemouroux.com\/wp-content\/uploads\/2023\/09\/Made-In-Design\u00a9RomainRicard2022-21-768x1154.jpg 768w, https:\/\/maximemouroux.com\/wp-content\/uploads\/2023\/09\/Made-In-Design\u00a9RomainRicard2022-21.jpg 917w\" sizes=\"(max-width: 681px) 100vw, 681px\" \/><\/figure>\n\n\n\n<figure class=\"wp-block-image size-large\"><img loading=\"lazy\" decoding=\"async\" width=\"683\" height=\"1024\" data-id=\"11480\" src=\"https:\/\/maximemouroux.com\/wp-content\/uploads\/2023\/09\/Made-In-Design\u00a9RomainRicard2022-07-683x1024.jpg\" alt=\"\" class=\"wp-image-11480\" srcset=\"https:\/\/maximemouroux.com\/wp-content\/uploads\/2023\/09\/Made-In-Design\u00a9RomainRicard2022-07-683x1024.jpg 683w, https:\/\/maximemouroux.com\/wp-content\/uploads\/2023\/09\/Made-In-Design\u00a9RomainRicard2022-07-600x900.jpg 600w, https:\/\/maximemouroux.com\/wp-content\/uploads\/2023\/09\/Made-In-Design\u00a9RomainRicard2022-07-200x300.jpg 200w, https:\/\/maximemouroux.com\/wp-content\/uploads\/2023\/09\/Made-In-Design\u00a9RomainRicard2022-07-768x1152.jpg 768w, https:\/\/maximemouroux.com\/wp-content\/uploads\/2023\/09\/Made-In-Design\u00a9RomainRicard2022-07.jpg 919w\" sizes=\"(max-width: 683px) 100vw, 683px\" \/><\/figure>\n\n\n\n<figure class=\"wp-block-image size-large\"><img decoding=\"async\" data-id=\"11484\" src=\"https:\/\/maximemouroux.com\/wp-content\/uploads\/2023\/09\/Maxime-Mouroux-081.jpg\" alt=\"\" class=\"wp-image-11484\"\/><\/figure>\n\n\n\n<figure class=\"wp-block-image size-large\"><img loading=\"lazy\" decoding=\"async\" width=\"2448\" height=\"2448\" data-id=\"11490\" src=\"https:\/\/maximemouroux.com\/wp-content\/uploads\/2023\/09\/Mouroux-tapis-Micro-purete-b-edited.jpg\" alt=\"\" class=\"wp-image-11490\" srcset=\"https:\/\/maximemouroux.com\/wp-content\/uploads\/2023\/09\/Mouroux-tapis-Micro-purete-b-edited.jpg 2448w, https:\/\/maximemouroux.com\/wp-content\/uploads\/2023\/09\/Mouroux-tapis-Micro-purete-b-edited-600x600.jpg 600w, https:\/\/maximemouroux.com\/wp-content\/uploads\/2023\/09\/Mouroux-tapis-Micro-purete-b-edited-100x100.jpg 100w, https:\/\/maximemouroux.com\/wp-content\/uploads\/2023\/09\/Mouroux-tapis-Micro-purete-b-edited-1200x1200.jpg 1200w, https:\/\/maximemouroux.com\/wp-content\/uploads\/2023\/09\/Mouroux-tapis-Micro-purete-b-edited-300x300.jpg 300w, https:\/\/maximemouroux.com\/wp-content\/uploads\/2023\/09\/Mouroux-tapis-Micro-purete-b-edited-1024x1024.jpg 1024w, https:\/\/maximemouroux.com\/wp-content\/uploads\/2023\/09\/Mouroux-tapis-Micro-purete-b-edited-150x150.jpg 150w, https:\/\/maximemouroux.com\/wp-content\/uploads\/2023\/09\/Mouroux-tapis-Micro-purete-b-edited-768x768.jpg 768w, https:\/\/maximemouroux.com\/wp-content\/uploads\/2023\/09\/Mouroux-tapis-Micro-purete-b-edited-1536x1536.jpg 1536w, https:\/\/maximemouroux.com\/wp-content\/uploads\/2023\/09\/Mouroux-tapis-Micro-purete-b-edited-2048x2048.jpg 2048w\" sizes=\"(max-width: 2448px) 100vw, 2448px\" \/><\/figure>\n\n\n\n<figure class=\"wp-block-image size-large\"><img decoding=\"async\" data-id=\"11483\" src=\"https:\/\/maximemouroux.com\/wp-content\/uploads\/2023\/09\/Maxime-Mouroux-076_.jpg\" alt=\"\" class=\"wp-image-11483\"\/><\/figure>\n\n\n\n<figure class=\"wp-block-image size-large\"><img loading=\"lazy\" decoding=\"async\" width=\"1024\" height=\"683\" data-id=\"11475\" src=\"https:\/\/maximemouroux.com\/wp-content\/uploads\/2023\/09\/CHAMPSELYSEES_ADIDAS_004-1024x683.jpg\" alt=\"\" class=\"wp-image-11475\" srcset=\"https:\/\/maximemouroux.com\/wp-content\/uploads\/2023\/09\/CHAMPSELYSEES_ADIDAS_004-1024x683.jpg 1024w, https:\/\/maximemouroux.com\/wp-content\/uploads\/2023\/09\/CHAMPSELYSEES_ADIDAS_004-1200x800.jpg 1200w, https:\/\/maximemouroux.com\/wp-content\/uploads\/2023\/09\/CHAMPSELYSEES_ADIDAS_004-300x200.jpg 300w, https:\/\/maximemouroux.com\/wp-content\/uploads\/2023\/09\/CHAMPSELYSEES_ADIDAS_004-768x512.jpg 768w, https:\/\/maximemouroux.com\/wp-content\/uploads\/2023\/09\/CHAMPSELYSEES_ADIDAS_004-1536x1024.jpg 1536w, https:\/\/maximemouroux.com\/wp-content\/uploads\/2023\/09\/CHAMPSELYSEES_ADIDAS_004-2048x1366.jpg 2048w\" sizes=\"(max-width: 1024px) 100vw, 1024px\" \/><\/figure>\n\n\n\n<figure class=\"wp-block-image\"><img decoding=\"async\" src=\"https:\/\/maximemouroux.com\/wp-content\/uploads\/2023\/09\/F5BE9BEA-12C5-435C-9DC2-C8EE073B9DAF-1024x768.jpg\" alt=\"This image has an empty alt attribute; its file name is F5BE9BEA-12C5-435C-9DC2-C8EE073B9DAF-1024x768.jpg\"\/><\/figure>\n\n\n\n<figure class=\"wp-block-image size-large\"><img loading=\"lazy\" decoding=\"async\" width=\"1024\" height=\"1024\" data-id=\"11473\" src=\"https:\/\/maximemouroux.com\/wp-content\/uploads\/2023\/09\/9D024E24-B42B-4337-975D-6DEA4580171D-1024x1024.jpg\" alt=\"\" class=\"wp-image-11473\" srcset=\"https:\/\/maximemouroux.com\/wp-content\/uploads\/2023\/09\/9D024E24-B42B-4337-975D-6DEA4580171D-1024x1024.jpg 1024w, https:\/\/maximemouroux.com\/wp-content\/uploads\/2023\/09\/9D024E24-B42B-4337-975D-6DEA4580171D-600x600.jpg 600w, https:\/\/maximemouroux.com\/wp-content\/uploads\/2023\/09\/9D024E24-B42B-4337-975D-6DEA4580171D-100x100.jpg 100w, https:\/\/maximemouroux.com\/wp-content\/uploads\/2023\/09\/9D024E24-B42B-4337-975D-6DEA4580171D-1200x1200.jpg 1200w, https:\/\/maximemouroux.com\/wp-content\/uploads\/2023\/09\/9D024E24-B42B-4337-975D-6DEA4580171D-300x300.jpg 300w, https:\/\/maximemouroux.com\/wp-content\/uploads\/2023\/09\/9D024E24-B42B-4337-975D-6DEA4580171D-150x150.jpg 150w, https:\/\/maximemouroux.com\/wp-content\/uploads\/2023\/09\/9D024E24-B42B-4337-975D-6DEA4580171D-768x768.jpg 768w, https:\/\/maximemouroux.com\/wp-content\/uploads\/2023\/09\/9D024E24-B42B-4337-975D-6DEA4580171D.jpg 1440w\" sizes=\"(max-width: 1024px) 100vw, 1024px\" \/><\/figure>\n<\/figure>\n\n\n\n<p><\/p>\n","protected":false},"excerpt":{"rendered":"<p>Tous les tapis sont imagin\u00e9s et fabriqu\u00e9s par mes soinsTuft\u00e9s \u00e0 la main 100% laine recycl\u00e9e fran\u00e7aise Je travaille principalement sur mesureN&#8217;h\u00e9sitez pas \u00e0 me contacter<\/p>\n","protected":false},"author":1,"featured_media":0,"parent":0,"menu_order":0,"comment_status":"closed","ping_status":"closed","template":"","meta":{"footnotes":""},"class_list":["post-11470","page","type-page","status-publish"],"_links":{"self":[{"href":"https:\/\/maximemouroux.com\/index.php?rest_route=\/wp\/v2\/pages\/11470"}],"collection":[{"href":"https:\/\/maximemouroux.com\/index.php?rest_route=\/wp\/v2\/pages"}],"about":[{"href":"https:\/\/maximemouroux.com\/index.php?rest_route=\/wp\/v2\/types\/page"}],"author":[{"embeddable":true,"href":"https:\/\/maximemouroux.com\/index.php?rest_route=\/wp\/v2\/users\/1"}],"replies":[{"embeddable":true,"href":"https:\/\/maximemouroux.com\/index.php?rest_route=%2Fwp%2Fv2%2Fcomments&post=11470"}],"version-history":[{"count":7,"href":"https:\/\/maximemouroux.com\/index.php?rest_route=\/wp\/v2\/pages\/11470\/revisions"}],"predecessor-version":[{"id":12402,"href":"https:\/\/maximemouroux.com\/index.php?rest_route=\/wp\/v2\/pages\/11470\/revisions\/12402"}],"wp:attachment":[{"href":"https:\/\/maximemouroux.com\/index.php?rest_route=%2Fwp%2Fv2%2Fmedia&parent=11470"}],"curies":[{"name":"wp","href":"https:\/\/api.w.org\/{rel}","templated":true}]}}